{"id":57,"date":"2020-07-20T15:02:07","date_gmt":"2020-07-20T13:02:07","guid":{"rendered":"https:\/\/servizi.comune.torino.it\/inclusione\/?page_id=57"},"modified":"2022-12-05T17:31:16","modified_gmt":"2022-12-05T16:31:16","slug":"il-piano-di-inclusione-sociale","status":"publish","type":"page","link":"https:\/\/servizi.comune.torino.it\/inclusione\/il-piano-di-inclusione-sociale\/","title":{"rendered":"Il Piano di Inclusione Sociale"},"content":{"rendered":"\t\t<div data-elementor-type=\"wp-page\" data-elementor-id=\"57\" class=\"elementor elementor-57\" data-elementor-settings=\"[]\">\n\t\t\t\t\t\t\t<div class=\"elementor-section-wrap\">\n\t\t\t\t\t\t\t<section class=\"elementor-section elementor-top-section elementor-element elementor-element-45d962a8 elementor-section-boxed elementor-section-height-default elementor-section-height-default\" data-id=\"45d962a8\" data-element_type=\"section\">\n\t\t\t\t\t\t<div class=\"elementor-container elementor-column-gap-default\">\n\t\t\t\t\t<div class=\"elementor-column elementor-col-50 elementor-top-column elementor-element elementor-element-49285abc\" data-id=\"49285abc\" data-element_type=\"column\">\n\t\t\t<div class=\"elementor-widget-wrap elementor-element-populated\">\n\t\t\t\t\t\t\t\t<div class=\"elementor-element elementor-element-1b381d4a elementor-widget elementor-widget-text-editor\" data-id=\"1b381d4a\" data-element_type=\"widget\" data-widget_type=\"text-editor.default\">\n\t\t\t\t<div class=\"elementor-widget-container\">\n\t\t\t\t\t\t\t\t<!-- wp:paragraph -->\n<p><b>TORINO SI TRASFORMA<\/b><\/p>\n<p>\u00a0 \u00a0 \u00a0<\/p>\n<p><a href=\"https:\/\/servizi.comune.torino.it\/inclusione\/wp-content\/uploads\/2022\/12\/1-2.jpg\"><img loading=\"lazy\" decoding=\"async\" class=\"alignleft wp-image-2584 size-medium\" src=\"https:\/\/servizi.comune.torino.it\/inclusione\/wp-content\/uploads\/2022\/12\/1-2-300x137.jpg\" alt=\"\" width=\"300\" height=\"137\" srcset=\"https:\/\/servizi.comune.torino.it\/inclusione\/wp-content\/uploads\/2022\/12\/1-2-300x137.jpg 300w, https:\/\/servizi.comune.torino.it\/inclusione\/wp-content\/uploads\/2022\/12\/1-2-768x352.jpg 768w, https:\/\/servizi.comune.torino.it\/inclusione\/wp-content\/uploads\/2022\/12\/1-2-800x367.jpg 800w, https:\/\/servizi.comune.torino.it\/inclusione\/wp-content\/uploads\/2022\/12\/1-2.jpg 958w\" sizes=\"auto, (max-width: 300px) 100vw, 300px\" \/><\/a> \u00a0\u00a0 <a href=\"https:\/\/servizi.comune.torino.it\/inclusione\/wp-content\/uploads\/2022\/12\/2-1.jpg\"><img loading=\"lazy\" decoding=\"async\" class=\"wp-image-2585 size-medium alignleft\" src=\"https:\/\/servizi.comune.torino.it\/inclusione\/wp-content\/uploads\/2022\/12\/2-1-300x138.jpg\" alt=\"\" width=\"300\" height=\"138\" srcset=\"https:\/\/servizi.comune.torino.it\/inclusione\/wp-content\/uploads\/2022\/12\/2-1-300x138.jpg 300w, https:\/\/servizi.comune.torino.it\/inclusione\/wp-content\/uploads\/2022\/12\/2-1-768x354.jpg 768w, https:\/\/servizi.comune.torino.it\/inclusione\/wp-content\/uploads\/2022\/12\/2-1-800x369.jpg 800w, https:\/\/servizi.comune.torino.it\/inclusione\/wp-content\/uploads\/2022\/12\/2-1.jpg 955w\" sizes=\"auto, (max-width: 300px) 100vw, 300px\" \/><\/a><a href=\"https:\/\/servizi.comune.torino.it\/inclusione\/wp-content\/uploads\/2022\/12\/3.jpg\"><img loading=\"lazy\" decoding=\"async\" class=\"size-medium wp-image-2586 alignleft\" src=\"https:\/\/servizi.comune.torino.it\/inclusione\/wp-content\/uploads\/2022\/12\/3-300x138.jpg\" alt=\"\" width=\"300\" height=\"138\" srcset=\"https:\/\/servizi.comune.torino.it\/inclusione\/wp-content\/uploads\/2022\/12\/3-300x138.jpg 300w, https:\/\/servizi.comune.torino.it\/inclusione\/wp-content\/uploads\/2022\/12\/3-768x353.jpg 768w, https:\/\/servizi.comune.torino.it\/inclusione\/wp-content\/uploads\/2022\/12\/3-800x368.jpg 800w, https:\/\/servizi.comune.torino.it\/inclusione\/wp-content\/uploads\/2022\/12\/3.jpg 956w\" sizes=\"auto, (max-width: 300px) 100vw, 300px\" \/><\/a><a href=\"https:\/\/servizi.comune.torino.it\/inclusione\/wp-content\/uploads\/2022\/12\/4.jpg\"><img loading=\"lazy\" decoding=\"async\" class=\"size-medium wp-image-2587 alignnone\" src=\"https:\/\/servizi.comune.torino.it\/inclusione\/wp-content\/uploads\/2022\/12\/4-300x137.jpg\" alt=\"\" width=\"300\" height=\"137\" srcset=\"https:\/\/servizi.comune.torino.it\/inclusione\/wp-content\/uploads\/2022\/12\/4-300x137.jpg 300w, https:\/\/servizi.comune.torino.it\/inclusione\/wp-content\/uploads\/2022\/12\/4-768x352.jpg 768w, https:\/\/servizi.comune.torino.it\/inclusione\/wp-content\/uploads\/2022\/12\/4-800x367.jpg 800w, https:\/\/servizi.comune.torino.it\/inclusione\/wp-content\/uploads\/2022\/12\/4.jpg 956w\" sizes=\"auto, (max-width: 300px) 100vw, 300px\" \/><\/a><a href=\"https:\/\/servizi.comune.torino.it\/inclusione\/wp-content\/uploads\/2022\/12\/5.jpg\"><img loading=\"lazy\" decoding=\"async\" class=\"alignnone size-medium wp-image-2588\" src=\"https:\/\/servizi.comune.torino.it\/inclusione\/wp-content\/uploads\/2022\/12\/5-300x138.jpg\" alt=\"\" width=\"300\" height=\"138\" srcset=\"https:\/\/servizi.comune.torino.it\/inclusione\/wp-content\/uploads\/2022\/12\/5-300x138.jpg 300w, https:\/\/servizi.comune.torino.it\/inclusione\/wp-content\/uploads\/2022\/12\/5-768x354.jpg 768w, https:\/\/servizi.comune.torino.it\/inclusione\/wp-content\/uploads\/2022\/12\/5-800x369.jpg 800w, https:\/\/servizi.comune.torino.it\/inclusione\/wp-content\/uploads\/2022\/12\/5.jpg 957w\" sizes=\"auto, (max-width: 300px) 100vw, 300px\" \/><\/a><\/p>\n<p>\u00a0<\/p>\n<p><b>Il Piano di Inclusione Sociale\u00a0<\/b><\/p>\n<p><span style=\"font-weight: 400;\">A partire dal 2018, la Citt\u00e0 di Torino ha promosso la realizzazione di un <\/span><b>Piano di Inclusione Sociale<\/b><span style=\"font-weight: 400;\"> con il quale si prefigge di costruire, attraverso un triennio di coprogrammazione e coprogettazione<\/span><span style=\"font-weight: 400;\">, un sistema integrato di servizi pubblici e del privato sociale per rispondere in modo unitario ai bisogni dei cittadini con difficolt\u00e0 di tipo economico, occupazionale e abitativo.<\/span><\/p>\n<p><span style=\"font-weight: 400;\">Le azioni previste dal Piano di Inclusione Sociale si inscrivono all&#8217;interno di una strategia \u2013 cittadina, nazionale e comunitaria \u2013 volta al <\/span><b>contrasto della povert\u00e0<\/b><span style=\"font-weight: 400;\">, intesa sia come <\/span><b>deprivazione materiale<\/b><span style=\"font-weight: 400;\"> (dovuta alla mancanza di reddito, di abitazione, di beni fondamentali) sia come <\/span><b>marginalizzazione sociale<\/b><span style=\"font-weight: 400;\"> (legata all&#8217;isolamento e alla mancanza di reti sociali).\u00a0<\/span><\/p>\n<p><span style=\"font-weight: 400;\">Rispetto al passato, infatti, la crescente complessit\u00e0 dei bisogni riscontrati nei territori metropolitani richiede di porre una maggiore attenzione ai percorsi individuali e famigliari e al ruolo delle reti locali nel favorire processi di inclusione. Il Piano di Inclusione Sociale della Citt\u00e0 di Torino, ispirandosi a un modello di <\/span><b>welfare di prossimit\u00e0<\/b><span style=\"font-weight: 400;\"> incentrato sulle <\/span><b>persone<\/b><span style=\"font-weight: 400;\">, sulle <\/span><b>comunit\u00e0<\/b><span style=\"font-weight: 400;\"> che queste attraversano e sulla<\/span><b> valorizzazione delle potenzialit\u00e0 di ciascuno<\/b><span style=\"font-weight: 400;\"> rappresenta il primo passo in questa direzione.\u00a0<\/span><\/p>\n<p><span style=\"font-weight: 400;\">Per la sua realizzazione si \u00e8 resa necessaria una <\/span><b>riarticolazione<\/b><span style=\"font-weight: 400;\"> del sistema di protezione sociale locale, in modo da valorizzare le risorse disponibili e da dare risposte pi\u00f9 efficaci, efficienti ed eque ai bisogni dei cittadini. Per stimolare il coordinamento e la collaborazione fra i vari attori presenti sul territorio, la Citt\u00e0 ha quindi avviato un percorso di <\/span><b>coprogettazione<\/b><span style=\"font-weight: 400;\"> che si \u00e8 articolato su <\/span><b>cinque aree di intervento<\/b><span style=\"font-weight: 400;\">. Ciascuna di queste aree contribuisce, con progettualit\u00e0 specifiche e al tempo stesso interconnesse, a promuovere un percorso di sostegno per singoli e famiglie in difficolt\u00e0 attraverso specifiche attivit\u00e0, fra cui:<\/span><\/p>\n<ul>\n<li style=\"font-weight: 400;\" aria-level=\"1\"><span style=\"font-weight: 400;\">l\u2019accompagnamento e l\u2019inserimento socio-lavorativo tramite tirocini e attivit\u00e0 di formazione che vadano a integrare le misure di contrasto alla povert\u00e0 nazionali;<\/span><\/li>\n<li style=\"font-weight: 400;\" aria-level=\"1\"><span style=\"font-weight: 400;\">la promozione di opportunit\u00e0 di inclusione attiva, socializzazione e sostegno socio-educativo tramite la valorizzazione dell\u2019attivit\u00e0 delle Case del Quartiere e degli enti del Terzo Settore presenti sul territorio cittadino;<\/span><\/li>\n<li style=\"font-weight: 400;\" aria-level=\"1\"><span style=\"font-weight: 400;\">l\u2019individuazione di nuove soluzioni di accoglienza abitativa per famiglie e individui che si trovino in situazioni emergenziali o di difficile accesso a un alloggio dignitoso e di Housing first per soggetti senza dimora;<\/span><\/li>\n<li style=\"font-weight: 400;\" aria-level=\"1\"><span style=\"font-weight: 400;\">la distribuzione di alimenti e beni materiali di prima necessit\u00e0 a soggetti particolarmente deprivati e\/o colpiti dagli effetti della pandemia di Covid-19.<\/span><\/li>\n<\/ul>\n<p><span style=\"font-weight: 400;\">Tale ripensamento delle politiche di welfare implica un impegno da parte della Citt\u00e0 e degli attori territoriali coinvolti per costruire <\/span><b>strategie di lungo periodo<\/b><span style=\"font-weight: 400;\"> basate sul rafforzamento dei legami sociali e sull&#8217;assunzione collettiva di responsabilit\u00e0: solo in questo modo \u00e8 possibile concorrere in modo incisivo alla <\/span><b>prevenzione e<\/b> <b>riduzione delle disuguaglianze <\/b><span style=\"font-weight: 400;\">e stimolare la<\/span><b> coesione sociale<\/b><span style=\"font-weight: 400;\">. <\/span><\/p>\n<!-- \/wp:paragraph -->\t\t\t\t\t\t<\/div>\n\t\t\t\t<\/div>\n\t\t\t\t\t<\/div>\n\t\t<\/div>\n\t\t\t\t<div class=\"elementor-column elementor-col-50 elementor-top-column elementor-element elementor-element-a49f47f\" data-id=\"a49f47f\" data-element_type=\"column\">\n\t\t\t<div class=\"elementor-widget-wrap elementor-element-populated\">\n\t\t\t\t\t\t\t\t<div class=\"elementor-element elementor-element-7699096 elementor-widget elementor-widget-text-editor\" data-id=\"7699096\" data-element_type=\"widget\" data-widget_type=\"text-editor.default\">\n\t\t\t\t<div class=\"elementor-widget-container\">\n\t\t\t\t\t\t\t\t<div class=\"et_pb_with_border et_pb_module et_pb_text et_pb_text_2 et_pb_bg_layout_dark  et_pb_text_align_center\">\n<div class=\"et_pb_text_inner\">\n<h5>DOCUMENTI<\/h5>\n<\/div>\n<\/div>\n<div class=\"et_pb_with_border et_pb_module et_pb_blurb et_pb_blurb_0 et_clickable et_pb_bg_layout_light  et_pb_text_align_left  et_pb_blurb_position_left\">\n<div class=\"et_pb_blurb_content\">\n<div class=\"et_pb_main_blurb_image\">\u00a0<\/div>\n<div class=\"et_pb_blurb_container\">\n<p><a href=\"https:\/\/servizi.comune.torino.it\/inclusione\/wp-content\/uploads\/2021\/05\/Delibera-17-aprile-2018.pdf\" target=\"_blank\" rel=\"noopener\">DGC DEL 17 APRILE 2018<\/a><\/p>\n<\/div>\n<\/div>\n<\/div>\n<div class=\"et_pb_blurb_content\">\n<div class=\"et_pb_blurb_container\">\n<p class=\"et_pb_module_header\"><a href=\"https:\/\/servizi.comune.torino.it\/inclusione\/wp-content\/uploads\/2021\/05\/Delibera-23-ottobre-2018.pdf\" target=\"_blank\" rel=\"noopener\">DGC DEL 23 OTTOBRE 2018<\/a><\/p>\n<\/div>\n<\/div>\n<div class=\"et_pb_with_border et_pb_module et_pb_blurb et_pb_blurb_2 et_clickable et_pb_bg_layout_light  et_pb_text_align_left  et_pb_blurb_position_left\">\n<div class=\"et_pb_blurb_content\">\n<p class=\"et_pb_main_blurb_image\"><a style=\"font-size: 1rem;\" href=\"https:\/\/servizi.comune.torino.it\/inclusione\/wp-content\/uploads\/2021\/05\/Allegato1_DGC_23_10_18.pdf\" target=\"_blank\" rel=\"noopener\">ALLEGATO 1 DGC DEL 23 OTTOBRE 2018<\/a><\/p>\n<h5>PRESENTAZIONE<\/h5>\n<p><a href=\"https:\/\/servizi.comune.torino.it\/inclusione\/wp-content\/uploads\/2021\/05\/Piano_Inclusione_Mag2021_rev.pdf\" target=\"_blank\" rel=\"noopener\"><img loading=\"lazy\" decoding=\"async\" class=\"alignnone wp-image-965\" src=\"https:\/\/servizi.comune.torino.it\/inclusione\/wp-content\/uploads\/2021\/05\/Piano_Inclusione_Mag2021.jpg-300x169.jpg\" alt=\"\" width=\"151\" height=\"85\" srcset=\"https:\/\/servizi.comune.torino.it\/inclusione\/wp-content\/uploads\/2021\/05\/Piano_Inclusione_Mag2021.jpg-300x169.jpg 300w, https:\/\/servizi.comune.torino.it\/inclusione\/wp-content\/uploads\/2021\/05\/Piano_Inclusione_Mag2021.jpg-1024x576.jpg 1024w, https:\/\/servizi.comune.torino.it\/inclusione\/wp-content\/uploads\/2021\/05\/Piano_Inclusione_Mag2021.jpg-768x432.jpg 768w, https:\/\/servizi.comune.torino.it\/inclusione\/wp-content\/uploads\/2021\/05\/Piano_Inclusione_Mag2021.jpg-1536x864.jpg 1536w, https:\/\/servizi.comune.torino.it\/inclusione\/wp-content\/uploads\/2021\/05\/Piano_Inclusione_Mag2021.jpg.jpg 2000w\" sizes=\"auto, (max-width: 151px) 100vw, 151px\" \/><\/a><\/p>\n<p><a href=\"https:\/\/servizi.comune.torino.it\/inclusione\/wp-content\/uploads\/2021\/05\/Piano_Inclusione_Mag2021_rev.pdf\" target=\"_blank\" rel=\"noopener\">PRESENTAZIONE PPT PIANO INCLUSIONE SOCIALE_VS MAGGIO 2021<\/a><\/p>\n<\/div>\n<h5>SCHEDE<\/h5>\n<p><a href=\"https:\/\/servizi.comune.torino.it\/inclusione\/wp-content\/uploads\/2021\/06\/1.a-Coesione-e-inclusione-sociale.pdf\">Coesione e inclusione sociale<\/a><\/p>\n<p><a href=\"https:\/\/servizi.comune.torino.it\/inclusione\/wp-content\/uploads\/2021\/06\/1.b-Welfare-di-comunita.pdf\">Welfare di comunit\u00e0<\/a><\/p>\n<\/div>\t\t\t\t\t\t<\/div>\n\t\t\t\t<\/div>\n\t\t\t\t\t<\/div>\n\t\t<\/div>\n\t\t\t\t\t\t\t<\/div>\n\t\t<\/section>\n\t\t\t\t\t\t<\/div>\n\t\t\t\t\t<\/div>\n\t\t","protected":false},"excerpt":{"rendered":"<p>TORINO SI TRASFORMA \u00a0 \u00a0 \u00a0 \u00a0\u00a0 \u00a0 Il Piano di Inclusione Sociale\u00a0 A partire dal 2018, la Citt\u00e0 di Torino ha promosso la realizzazione di un Piano di Inclusione Sociale con il quale si prefigge di costruire, attraverso un triennio di coprogrammazione e coprogettazione, un sistema integrato di servizi pubblici e del privato sociale &hellip; <\/p>\n<p class=\"link-more\"><a href=\"https:\/\/servizi.comune.torino.it\/inclusione\/il-piano-di-inclusione-sociale\/\" class=\"more-link\">Leggi tutto<span class=\"screen-reader-text\"> &#8220;Il Piano di Inclusione Sociale&#8221;<\/span><\/a><\/p>\n","protected":false},"author":2,"featured_media":0,"parent":0,"menu_order":0,"comment_status":"closed","ping_status":"closed","template":"","meta":{"footnotes":""},"categories":[19],"tags":[],"class_list":["post-57","page","type-page","status-publish","hentry","category-il-piano-di-inclusione-sociale"],"_links":{"self":[{"href":"https:\/\/servizi.comune.torino.it\/inclusione\/wp-json\/wp\/v2\/pages\/57","targetHints":{"allow":["GET"]}}],"collection":[{"href":"https:\/\/servizi.comune.torino.it\/inclusione\/wp-json\/wp\/v2\/pages"}],"about":[{"href":"https:\/\/servizi.comune.torino.it\/inclusione\/wp-json\/wp\/v2\/types\/page"}],"author":[{"embeddable":true,"href":"https:\/\/servizi.comune.torino.it\/inclusione\/wp-json\/wp\/v2\/users\/2"}],"replies":[{"embeddable":true,"href":"https:\/\/servizi.comune.torino.it\/inclusione\/wp-json\/wp\/v2\/comments?post=57"}],"version-history":[{"count":0,"href":"https:\/\/servizi.comune.torino.it\/inclusione\/wp-json\/wp\/v2\/pages\/57\/revisions"}],"wp:attachment":[{"href":"https:\/\/servizi.comune.torino.it\/inclusione\/wp-json\/wp\/v2\/media?parent=57"}],"wp:term":[{"taxonomy":"category","embeddable":true,"href":"https:\/\/servizi.comune.torino.it\/inclusione\/wp-json\/wp\/v2\/categories?post=57"},{"taxonomy":"post_tag","embeddable":true,"href":"https:\/\/servizi.comune.torino.it\/inclusione\/wp-json\/wp\/v2\/tags?post=57"}],"curies":[{"name":"wp","href":"https:\/\/api.w.org\/{rel}","templated":true}]}}