{"id":24,"date":"2020-07-20T13:54:33","date_gmt":"2020-07-20T11:54:33","guid":{"rendered":"https:\/\/servizi.comune.torino.it\/inclusione\/?page_id=24"},"modified":"2025-12-03T16:57:03","modified_gmt":"2025-12-03T15:57:03","slug":"homepage","status":"publish","type":"page","link":"https:\/\/servizi.comune.torino.it\/inclusione\/","title":{"rendered":"La presentazione del Piano di Inclusione Sociale"},"content":{"rendered":"\t\t<div data-elementor-type=\"wp-page\" data-elementor-id=\"24\" class=\"elementor elementor-24\" data-elementor-settings=\"[]\">\n\t\t\t\t\t\t\t<div class=\"elementor-section-wrap\">\n\t\t\t\t\t\t\t<section class=\"elementor-section elementor-top-section elementor-element elementor-element-76592a1 elementor-section-boxed elementor-section-height-default elementor-section-height-default\" data-id=\"76592a1\" data-element_type=\"section\">\n\t\t\t\t\t\t<div class=\"elementor-container elementor-column-gap-default\">\n\t\t\t\t\t<div class=\"elementor-column elementor-col-50 elementor-top-column elementor-element elementor-element-1cc78b0\" data-id=\"1cc78b0\" data-element_type=\"column\">\n\t\t\t<div class=\"elementor-widget-wrap elementor-element-populated\">\n\t\t\t\t\t\t\t\t<div class=\"elementor-element elementor-element-817f1ae elementor-widget elementor-widget-text-editor\" data-id=\"817f1ae\" data-element_type=\"widget\" data-widget_type=\"text-editor.default\">\n\t\t\t\t<div class=\"elementor-widget-container\">\n\t\t\t\t\t\t\t\t<p><span style=\"font-weight: 400;\">Questo sito \u00e8 dedicato al <strong>Piano di Inclusione Sociale<\/strong> promosso dalla <strong>Citt\u00e0 di Torino<\/strong> a partire dal 2018. L\u2019obiettivo della programmazione delle politiche sociali locali \u00e8 andato nella direzione di creare un <a href=\"https:\/\/servizi.comune.torino.it\/inclusione\/il-piano-di-inclusione-sociale\/\">sistema integrato di servizi<\/a> per rispondere in modo unitario ai bisogni dei cittadini con difficolt\u00e0 di tipo economico, occupazionale e abitativo, mettendo al centro il valore delle risorse di comunit\u00e0, la trasversalit\u00e0 e l\u2019interdisciplinariet\u00e0 nella lotta alle disuguaglianze. Il coinvolgimento di una variet\u00e0 di attori ha permesso di moltiplicare idee, competenze ed energie, in modo da collegare la lettura dei bisogni di welfare alle risposte pi\u00f9 adeguate.<\/span><\/p>\n<p><span style=\"font-weight: 400;\">All&#8217;interno del sito si potranno trovare le tappe di <a href=\"https:\/\/servizi.comune.torino.it\/inclusione\/progettazione-del-piano-di-inclusione-sociale\/\">coprogrammazione<\/a> locale che hanno portato alla costruzione del Piano, articolato su cinque <a href=\"https:\/\/servizi.comune.torino.it\/inclusione\/le-aree-di-intervento-del-piano-di-inclusione-sociale\/\">aree di intervento<\/a> (pi\u00f9 una nata in risposta alla pandemia di Covid-19), nonch\u00e9 una serie di materiali di studio e approfondimento sul tema.<\/span><\/p>\n<p><!-- \/wp:paragraph --><!-- wp:paragraph --><\/p>\n<p><!-- \/wp:paragraph --><!-- wp:paragraph --><\/p>\n<p>\u00a0<\/p>\t\t\t\t\t\t<\/div>\n\t\t\t\t<\/div>\n\t\t\t\t\t<\/div>\n\t\t<\/div>\n\t\t\t\t<div class=\"elementor-column elementor-col-50 elementor-top-column elementor-element elementor-element-eded4b0\" data-id=\"eded4b0\" data-element_type=\"column\">\n\t\t\t<div class=\"elementor-widget-wrap elementor-element-populated\">\n\t\t\t\t\t\t\t\t<div class=\"elementor-element elementor-element-6980580 elementor-widget elementor-widget-text-editor\" data-id=\"6980580\" data-element_type=\"widget\" data-widget_type=\"text-editor.default\">\n\t\t\t\t<div class=\"elementor-widget-container\">\n\t\t\t\t\t\t\t\t<h3>Video di presentazione del progetto<\/h3>\n<p><a title=\"Guarda il video su Youtube\" href=\"https:\/\/www.youtube.com\/watch?v=loW--SZiAaY\" target=\"_blank\" rel=\"noopener\"><img decoding=\"async\" class=\"alignnone size-medium wp-image-1631\" src=\"https:\/\/servizi.comune.torino.it\/inclusione\/wp-content\/uploads\/2022\/01\/youtube-300x300.png\" alt=\"Guarda il video su Youtube\" width=\"\" height=\"\" srcset=\"https:\/\/servizi.comune.torino.it\/inclusione\/wp-content\/uploads\/2022\/01\/youtube-300x300.png 300w, https:\/\/servizi.comune.torino.it\/inclusione\/wp-content\/uploads\/2022\/01\/youtube-150x150.png 150w, https:\/\/servizi.comune.torino.it\/inclusione\/wp-content\/uploads\/2022\/01\/youtube-100x100.png 100w, https:\/\/servizi.comune.torino.it\/inclusione\/wp-content\/uploads\/2022\/01\/youtube.png 512w\" sizes=\"(max-width: 300px) 100vw, 300px\" \/><\/a><\/p>\t\t\t\t\t\t<\/div>\n\t\t\t\t<\/div>\n\t\t\t\t\t<\/div>\n\t\t<\/div>\n\t\t\t\t\t\t\t<\/div>\n\t\t<\/section>\n\t\t\t\t\t\t<\/div>\n\t\t\t\t\t<\/div>\n\t\t","protected":false},"excerpt":{"rendered":"<p>Questo sito \u00e8 dedicato al Piano di Inclusione Sociale promosso dalla Citt\u00e0 di Torino a partire dal 2018. L\u2019obiettivo della programmazione delle politiche sociali locali \u00e8 andato nella direzione di creare un sistema integrato di servizi per rispondere in modo unitario ai bisogni dei cittadini con difficolt\u00e0 di tipo economico, occupazionale e abitativo, mettendo al &hellip; <\/p>\n<p class=\"link-more\"><a href=\"https:\/\/servizi.comune.torino.it\/inclusione\/\" class=\"more-link\">Leggi tutto<span class=\"screen-reader-text\"> &#8220;La presentazione del Piano di Inclusione Sociale&#8221;<\/span><\/a><\/p>\n","protected":false},"author":2,"featured_media":0,"parent":0,"menu_order":0,"comment_status":"closed","ping_status":"closed","template":"","meta":{"footnotes":""},"categories":[],"tags":[],"class_list":["post-24","page","type-page","status-publish","hentry"],"_links":{"self":[{"href":"https:\/\/servizi.comune.torino.it\/inclusione\/wp-json\/wp\/v2\/pages\/24","targetHints":{"allow":["GET"]}}],"collection":[{"href":"https:\/\/servizi.comune.torino.it\/inclusione\/wp-json\/wp\/v2\/pages"}],"about":[{"href":"https:\/\/servizi.comune.torino.it\/inclusione\/wp-json\/wp\/v2\/types\/page"}],"author":[{"embeddable":true,"href":"https:\/\/servizi.comune.torino.it\/inclusione\/wp-json\/wp\/v2\/users\/2"}],"replies":[{"embeddable":true,"href":"https:\/\/servizi.comune.torino.it\/inclusione\/wp-json\/wp\/v2\/comments?post=24"}],"version-history":[{"count":0,"href":"https:\/\/servizi.comune.torino.it\/inclusione\/wp-json\/wp\/v2\/pages\/24\/revisions"}],"wp:attachment":[{"href":"https:\/\/servizi.comune.torino.it\/inclusione\/wp-json\/wp\/v2\/media?parent=24"}],"wp:term":[{"taxonomy":"category","embeddable":true,"href":"https:\/\/servizi.comune.torino.it\/inclusione\/wp-json\/wp\/v2\/categories?post=24"},{"taxonomy":"post_tag","embeddable":true,"href":"https:\/\/servizi.comune.torino.it\/inclusione\/wp-json\/wp\/v2\/tags?post=24"}],"curies":[{"name":"wp","href":"https:\/\/api.w.org\/{rel}","templated":true}]}}

<div data-elementor-type="wp-page" data-elementor-id="24" class="elementor elementor-24" data-elementor-settings="[]">
							<div class="elementor-section-wrap">
							<section class="elementor-section elementor-top-section elementor-element elementor-element-76592a1 elementor-section-boxed elementor-section-height-default elementor-section-height-default" data-id="76592a1" data-element_type="section">
						<div class="elementor-container elementor-column-gap-default">
					<div class="elementor-column elementor-col-50 elementor-top-column elementor-element elementor-element-1cc78b0" data-id="1cc78b0" data-element_type="column">
			<div class="elementor-widget-wrap elementor-element-populated">
								<div class="elementor-element elementor-element-817f1ae elementor-widget elementor-widget-text-editor" data-id="817f1ae" data-element_type="widget" data-widget_type="text-editor.default">
				<div class="elementor-widget-container">
								<p><span style="font-weight: 400;">Questo sito è dedicato al <strong>Piano di Inclusione Sociale</strong> promosso dalla <strong>Città di Torino</strong> a partire dal 2018. L’obiettivo della programmazione delle politiche sociali locali è andato nella direzione di creare un <a href="https://servizi.comune.torino.it/inclusione/il-piano-di-inclusione-sociale/">sistema integrato di servizi</a> per rispondere in modo unitario ai bisogni dei cittadini con difficoltà di tipo economico, occupazionale e abitativo, mettendo al centro il valore delle risorse di comunità, la trasversalità e l’interdisciplinarietà nella lotta alle disuguaglianze. Il coinvolgimento di una varietà di attori ha permesso di moltiplicare idee, competenze ed energie, in modo da collegare la lettura dei bisogni di welfare alle risposte più adeguate.</span></p>
<p><span style="font-weight: 400;">All&#8217;interno del sito si potranno trovare le tappe di <a href="https://servizi.comune.torino.it/inclusione/progettazione-del-piano-di-inclusione-sociale/">coprogrammazione</a> locale che hanno portato alla costruzione del Piano, articolato su cinque <a href="https://servizi.comune.torino.it/inclusione/le-aree-di-intervento-del-piano-di-inclusione-sociale/">aree di intervento</a> (più una nata in risposta alla pandemia di Covid-19), nonché una serie di materiali di studio e approfondimento sul tema.</span></p>
<p><!-- /wp:paragraph --><!-- wp:paragraph --></p>
<p><!-- /wp:paragraph --><!-- wp:paragraph --></p>
<p> </p>						</div>
				</div>
					</div>
		</div>
				<div class="elementor-column elementor-col-50 elementor-top-column elementor-element elementor-element-eded4b0" data-id="eded4b0" data-element_type="column">
			<div class="elementor-widget-wrap elementor-element-populated">
								<div class="elementor-element elementor-element-6980580 elementor-widget elementor-widget-text-editor" data-id="6980580" data-element_type="widget" data-widget_type="text-editor.default">
				<div class="elementor-widget-container">
								<h3>Video di presentazione del progetto</h3>
<p><a title="Guarda il video su Youtube" href="https://www.youtube.com/watch?v=loW--SZiAaY" target="_blank" rel="noopener"><img decoding="async" class="alignnone size-medium wp-image-1631" src="https://servizi.comune.torino.it/inclusione/wp-content/uploads/2022/01/youtube-300x300.png" alt="Guarda il video su Youtube" width="" height="" srcset="https://servizi.comune.torino.it/inclusione/wp-content/uploads/2022/01/youtube-300x300.png 300w, https://servizi.comune.torino.it/inclusione/wp-content/uploads/2022/01/youtube-150x150.png 150w, https://servizi.comune.torino.it/inclusione/wp-content/uploads/2022/01/youtube-100x100.png 100w, https://servizi.comune.torino.it/inclusione/wp-content/uploads/2022/01/youtube.png 512w" sizes="(max-width: 300px) 100vw, 300px" /></a></p>						</div>
				</div>
					</div>
		</div>
							</div>
		</section>
						</div>
					</div>

<p>Questo sito è dedicato al Piano di Inclusione Sociale promosso dalla Città di Torino a partire dal 2018. L’obiettivo della programmazione delle politiche sociali locali è andato nella direzione di creare un sistema integrato di servizi per rispondere in modo unitario ai bisogni dei cittadini con difficoltà di tipo economico, occupazionale e abitativo, mettendo al &hellip; </p>
<p class="link-more"><a href="https://servizi.comune.torino.it/inclusione/" class="more-link">Leggi tutto<span class="screen-reader-text"> &#8220;La presentazione del Piano di Inclusione Sociale&#8221;</span></a></p>
